{"id":442,"date":"2017-03-10T08:46:46","date_gmt":"2017-03-10T08:46:46","guid":{"rendered":"https:\/\/demo-storage.com\/pm\/wp\/vincent\/?page_id=442"},"modified":"2022-02-27T19:53:39","modified_gmt":"2022-02-27T18:53:39","slug":"contact","status":"publish","type":"page","link":"https:\/\/www.grano-orzo.com\/index.php\/contact\/","title":{"rendered":"Contact"},"content":{"rendered":"<section class=\"wpb-content-wrapper\"><p>[vc_row full_width=\u00a0\u00bbstretch_row_content\u00a0\u00bb css=\u00a0\u00bb.vc_custom_1493729259154{padding-right: 75px !important;padding-left: 75px !important;}\u00a0\u00bb][vc_column][pm_vc_contacts map_code=\u00a0\u00bbJTNDaWZyYW1lJTIwc3JjJTNEJTIyaHR0cHMlM0ElMkYlMkZ3d3cuZ29vZ2xlLmNvbSUyRm1hcHMlMkZlbWJlZCUzRnBiJTNEJTIxMW0xNCUyMTFtOCUyMTFtMyUyMTFkMTExMTUuNzQyMzU2MTI0ODE2JTIxMmQ2LjIwNTcyODclMjEzZDQ1Ljg1MjU4ODQlMjEzbTIlMjExaTEwMjQlMjEyaTc2OCUyMTRmMTMuMSUyMTNtMyUyMTFtMiUyMTFzMHgwJTI1M0EweGQ0NDUwZWZlYzFmNjA1ZTAlMjEyc0dyYW5vJTI1MjBlJTI1MjBPcnpvJTIxNWUwJTIxM20yJTIxMXNmciUyMTJzZnIlMjE0djE2MzkzMzc1NzkxNDUlMjE1bTIlMjExc2ZyJTIxMnNmciUyMiUyMHdpZHRoJTNEJTIyNjAwJTIyJTIwaGVpZ2h0JTNEJTIyNDUwJTIyJTIwc3R5bGUlM0QlMjJib3JkZXIlM0EwJTNCJTIyJTIwYWxsb3dmdWxsc2NyZWVuJTNEJTIyJTIyJTIwbG9hZGluZyUzRCUyMmxhenklMjIlM0UlM0MlMkZpZnJhbWUlM0U=\u00a0\u00bb contact_image=\u00a0\u00bb2252&Prime; custom_css=\u00a0\u00bb.vc_custom_1644765735504{margin-bottom: 100px !important;}\u00a0\u00bb]<\/p>\n<h4>TALLOIRES-MONTMIN<\/h4>\n<p>220 Route d&rsquo;Annecy<br \/>\nEcharvines<br \/>\n74290 TALLOIRES-MONTMIN<\/p>\n<p><a href=\"tel:0033450631339\">+33 (0)4.50.63.13.39<\/a><\/p>\n<p><em>Commande des pizzas \u00e0 emporter par t\u00e9l\u00e9phone uniquement.<\/em><br \/>\n<em>Pas de r\u00e9servation pour les places en terrasse.<\/em><\/p>\n<p>&nbsp;<\/p>\n<h5>Heures d&rsquo;ouverture (hiver 2022)<\/h5>\n<p>du mardi au dimanche : 12H00-13H45 \/ 18H30-21H30<br \/>\nle vendredi et samedi, jusqu&rsquo;\u00e0 22H00<\/p>\n<p>(ferm\u00e9 le lundi)<\/p>\n<p><em>Le parking \u00ab\u00a0Arr\u00eat minutes\u00a0\u00bb est r\u00e9serv\u00e9 aux clients qui viennent r\u00e9cup\u00e9rer des pizzas \u00e0 emporter. Pour les clients qui consomment sur place, un parking public du Roc de ch\u00e8re est situ\u00e9 \u00e0 200 m\u00e8tres.<\/em>[\/pm_vc_contacts][pm_vc_contacts map_code=\u00a0\u00bbJTNDaWZyYW1lJTIwc3JjJTNEJTIyaHR0cHMlM0ElMkYlMkZ3d3cuZ29vZ2xlLmNvbSUyRm1hcHMlMkZlbWJlZCUzRnBiJTNEJTIxMW0xNCUyMTFtOCUyMTFtMyUyMTFkMTExMDEuNjQwNjg1ODU5NDk4JTIxMmQ2LjQxMTM2NTYlMjEzZDQ1LjkyMzEwMTMlMjEzbTIlMjExaTEwMjQlMjEyaTc2OCUyMTRmMTMuMSUyMTNtMyUyMTFtMiUyMTFzMHgwJTI1M0EweDdkOTZjMmJlODIxNGM5MWElMjEyc0dyYW5vJTI1MjBlJTI1MjBPcnpvJTIxNWUwJTIxM20yJTIxMXNmciUyMTJzZnIlMjE0djE2MzkzMzcxODIyNDYlMjE1bTIlMjExc2ZyJTIxMnNmciUyMiUyMHdpZHRoJTNEJTIyNjAwJTIyJTIwaGVpZ2h0JTNEJTIyNDUwJTIyJTIwc3R5bGUlM0QlMjJib3JkZXIlM0EwJTNCJTIyJTIwYWxsb3dmdWxsc2NyZWVuJTNEJTIyJTIyJTIwbG9hZGluZyUzRCUyMmxhenklMjIlM0UlM0MlMkZpZnJhbWUlM0U=\u00a0\u00bb map_position=\u00a0\u00bbright\u00a0\u00bb contact_image=\u00a0\u00bb2250&Prime; custom_css=\u00a0\u00bb.vc_custom_1645988018501{margin-bottom: 100px !important;}\u00a0\u00bb]<\/p>\n<h4>SAINT-JEAN-DE-SIXT<\/h4>\n<p>35 Place de l&rsquo;Ancienne Ecole<br \/>\n74450 SAINT-JEAN-DE-SIXT<\/p>\n<p><a href=\"tel:0033458105068\">+33 (0)4.58.10.50.68<\/a>[\/pm_vc_contacts][\/vc_column][\/vc_row]<\/p>\n<\/section>","protected":false},"excerpt":{"rendered":"<p>[vc_row full_width=\u00a0\u00bbstretch_row_content\u00a0\u00bb css=\u00a0\u00bb.vc_custom_1493729259154{padding-right: 75px !important;padding-left: 75px !important;}\u00a0\u00bb][vc_column][pm_vc_contacts map_code=\u00a0\u00bbJTNDaWZyYW1lJTIwc3JjJTNEJTIyaHR0cHMlM0ElMkYlMkZ3d3cuZ29vZ2xlLmNvbSUyRm1hcHMlMkZlbWJlZCUzRnBiJTNEJTIxMW0xNCUyMTFtOCUyMTFtMyUyMTFkMTExMTUuNzQyMzU2MTI0ODE2JTIxMmQ2LjIwNTcyODclMjEzZDQ1Ljg1MjU4ODQlMjEzbTIlMjExaTEwMjQlMjEyaTc2OCUyMTRmMTMuMSUyMTNtMyUyMTFtMiUyMTFzMHgwJTI1M0EweGQ0NDUwZWZlYzFmNjA1ZTAlMjEyc0dyYW5vJTI1MjBlJTI1MjBPcnpvJTIxNWUwJTIxM20yJTIxMXNmciUyMTJzZnIlMjE0djE2MzkzMzc1NzkxNDUlMjE1bTIlMjExc2ZyJTIxMnNmciUyMiUyMHdpZHRoJTNEJTIyNjAwJTIyJTIwaGVpZ2h0JTNEJTIyNDUwJTIyJTIwc3R5bGUlM0QlMjJib3JkZXIlM0EwJTNCJTIyJTIwYWxsb3dmdWxsc2NyZWVuJTNEJTIyJTIyJTIwbG9hZGluZyUzRCUyMmxhenklMjIlM0UlM0MlMkZpZnJhbWUlM0U=\u00a0\u00bb contact_image=\u00a0\u00bb2252&Prime; custom_css=\u00a0\u00bb.vc_custom_1644765735504{margin-bottom: 100px !important;}\u00a0\u00bb] TALLOIRES-MONTMIN 220 Route d&rsquo;Annecy Echarvines 74290 TALLOIRES-MONTMIN +33 (0)4.50.63.13.39 Commande des pizzas \u00e0 emporter par t\u00e9l\u00e9phone uniquement. Pas de r\u00e9servation pour les places en terrasse. &nbsp; Heures d&rsquo;ouverture (hiver 2022) du mardi au dimanche : 12H00-13H45 \/ 18H30-21H30 le vendredi et samedi, jusqu&rsquo;\u00e0 [&hellip;]<\/p>\n","protected":false},"author":1,"featured_media":0,"parent":0,"menu_order":0,"comment_status":"closed","ping_status":"closed","template":"","meta":{"footnotes":""},"class_list":["post-442","page","type-page","status-publish","hentry"],"aioseo_notices":[],"_links":{"self":[{"href":"https:\/\/www.grano-orzo.com\/index.php\/wp-json\/wp\/v2\/pages\/442","targetHints":{"allow":["GET"]}}],"collection":[{"href":"https:\/\/www.grano-orzo.com\/index.php\/wp-json\/wp\/v2\/pages"}],"about":[{"href":"https:\/\/www.grano-orzo.com\/index.php\/wp-json\/wp\/v2\/types\/page"}],"author":[{"embeddable":true,"href":"https:\/\/www.grano-orzo.com\/index.php\/wp-json\/wp\/v2\/users\/1"}],"replies":[{"embeddable":true,"href":"https:\/\/www.grano-orzo.com\/index.php\/wp-json\/wp\/v2\/comments?post=442"}],"version-history":[{"count":34,"href":"https:\/\/www.grano-orzo.com\/index.php\/wp-json\/wp\/v2\/pages\/442\/revisions"}],"predecessor-version":[{"id":2305,"href":"https:\/\/www.grano-orzo.com\/index.php\/wp-json\/wp\/v2\/pages\/442\/revisions\/2305"}],"wp:attachment":[{"href":"https:\/\/www.grano-orzo.com\/index.php\/wp-json\/wp\/v2\/media?parent=442"}],"curies":[{"name":"wp","href":"https:\/\/api.w.org\/{rel}","templated":true}]}}